
17
Suppose -777 = -614*j + 607*j. What is the remainder when j is divided by 19/(-1)*-2*1?
35
Let g(r) = r**2 + 7*r + 10. Let a be g(-14). Suppose 0*b + 4*b = -4*f + a, 3*b + 105 = 3*f. What is the remainder when f is divided by 5?
1
Let a(y) = -3*y**3 - 12*y - y**2 + 9*y**2 + 0*y**3 - 9 + 4*y**3. What is the remainder when a(-8) is divided by 11?
10
Let n(c) = 5*c**2 + 67*c + 129. Calculate the remainder when n(-14) is divided by 22.
17
Calculate the remainder when ((-126)/(-10))/((-129)/(-430)) is divided by 13.
3
Let q be 32 - (-2 + 0 + 0). Suppose 3*f = 41 + q. Let j(a) = -a**2 - 19*a - 39. Calculate the remainder when j(-11) is divided by f.
24
Let p be 0/(-3) + 3/1. Calculate the remainder when (-3)/p - 1 - -8 is divided by ((-6)/8)/(3/(-8)).
0
Let g(m) be the third derivative of -5/24*m**4 + 4/3*m**3 - 8*m**2 + 0*m + 0. What is the remainder when g(-6) is divided by 8?
6
Let f(u) = 4*u**2 - 2. Let r be f(-2). Suppose -19*n + r*n = -575. Calculate the remainder when n is divided by 20.
15
Suppose 474 = -141*j + 147*j. What is the remainder when j is divided by 33?
13
Let q = 180 - 70. Suppose -4*k - 3*a + q = -89, -k = 4*a - 53. What is the remainder when 192 is divided by k?
45
Calculate the remainder when 22/6 - (-2)/6 is divided by 60/(-90)*9/(-2).
1
Let z = -163 + 198. Calculate the remainder when 128 is divided by z.
23
Suppose -n + 85 - 56 = 0. Calculate the remainder when 132 is divided by n.
16
Let v(y) = y - 31. Let u be v(13). Calculate the remainder when (0 + (-56)/12)/(4/u) is divided by 12.
9
Let w(o) = 11*o + 5. Let q(v) = 11*v + 6. Let d(s) = -4*q(s) + 5*w(s). What is the remainder when d(4) is divided by 23?
22
Let x be 8/(-28) - (972/(-7))/3. Let m = x - -7. Suppose 4*b - 58 = 14. Calculate the remainder when m is divided by b.
17
Let y = 18 - -31. Let v(g) = -g. Let z be v(-4). Suppose 3*a = k - z - 4, y = 2*k + 5*a. What is the remainder when 66 is divided by k?
15
Let y(a) = 18*a + 510. Suppose 4*w = -w + 65. What is the remainder when y(-27) is divided by w?
11
Suppose 2*i = 7*i + 5. Let h = 11 - i. Calculate the remainder when 23 is divided by h.
11
Suppose 0 = -66*a + 78*a - 2640. Calculate the remainder when a is divided by 17.
16
Let q(l) = 2*l**2 - 2*l. Let m be q(-2). Suppose -2*w = -4*w + m. Let i = 8 - w. What is the remainder when 7 is divided by i?
1
Let y(x) = -x**3 - 17*x**2 - 16*x + 19. Let r be y(-16). Let n = r + 1. What is the remainder when n is divided by 12?
8
Let s = 889 - 806. What is the remainder when s is divided by 17?
15
Let h(o) = -11*o + 17. Let d(p) = 5*p - 8. Let w(u) = -13*d(u) - 6*h(u). Let z be w(-4). What is the remainder when 46 is divided by 111/9 + z/6?
10
Suppose 0 = -5*j - 0*k + 2*k + 144, -3*j + 80 = 2*k. Calculate the remainder when (51 - 55)/(-1*(-1)/(-13)) is divided by j.
24
Let j = 332 + -317. What is the remainder when 52 is divided by j?
7
Let j = 17 + 13. Let r(m) = m**2 - 44*m - 176. Calculate the remainder when j is divided by r(48).
14
What is the remainder when 99 is divided by 36*(0 + -1)*-1?
27
Suppose 2*h + 3*h = 40. Let u(j) = -j**2 - 1. Let l(y) = 4*y**2 + 8*y - 7. Let a(n) = -l(n) - 5*u(n). Calculate the remainder when 34 is divided by a(h).
10
Let b = -2874 - -2885. Suppose 2*f = -2*f + 32. Calculate the remainder when b is divided by f.
3
Let f(u) = u**3 + 5. What is the remainder when 151 is divided by f(2)?
8
Suppose 2*w = -5*o + 737, 6*w - 5*w - 148 = -o. Calculate the remainder when o is divided by 14.
7
Suppose -2790 = -54*j + 2124. Calculate the remainder when 544 is divided by j.
89
Let v(j) = -2*j**3 - 27*j**2 + 10*j - 32. What is the remainder when 46 is divided by v(-14)?
22
Suppose -3*j = -0*j - 69. Let p(n) = -94*n + 5. Let y(b) = 93*b - 4. Let u(a) = 2*p(a) + 3*y(a). What is the remainder when u(1) is divided by j?
20
Let u = -51 + 83. Let p = u - -21. Let b = -47 + 61. What is the remainder when p is divided by b?
11
Let i = -191 - -199. Calculate the remainder when 22 is divided by i.
6
Suppose 2*v = -2*v + 4*w + 180, 2*w = 0. Suppose 4*k - 9*k = -v. What is the remainder when (-4)/6 + (-159)/(-9) is divided by k?
8
Suppose 2*y + 7 + 3 = 0, -y = -4*s + 17. Let k be (-13)/(-3) - (-4)/6. Suppose s*l = k*l - 18. What is the remainder when 33 is divided by l?
6
Suppose -4*o - o - 2*k + 230 = 0, -5 = -k. What is the remainder when 99 is divided by o?
11
Let r = 150 + -45. Suppose -5*t - 2*t + r = 0. Calculate the remainder when 35 is divided by t.
5
Let j(u) = u**3 - 4*u**2 - 5*u + 5. Let b be j(5). Suppose -l + 4 = 0, -93 + 23 = -b*q - 5*l. Calculate the remainder when 39 is divided by q.
9
Let n = -23 - -45. Let u(y) = 9*y - 2. Let x be u(9). Let b = x + -37. Calculate the remainder when b is divided by n.
20
Suppose -4*t + 2 = -3*u + u, 2*u = 2*t + 4. Suppose 0 = 5*x + 2*p - 29, -2*x + 6*p + 6 = 4*p. What is the remainder when x is divided by u?
0
Let r(z) = -10*z**2 + 9*z - 15. Let n be r(2). Let g = n - -58. What is the remainder when g is divided by 11?
10
Let z = -368 + 418. What is the remainder when 197 is divided by z?
47
Let v(a) = 5 - 5*a - 11*a**2 - a**3 + 4*a**2 + 4 - 3. Suppose -10 = j - 3. What is the remainder when v(j) is divided by 14?
13
Let d(x) = -x**3 - 20*x**2 - 21*x + 42. What is the remainder when d(-19) is divided by 11?
3
What is the remainder when 0 + (108 - (-5)/(-5)) - -5 is divided by 58?
54
Suppose -2*g + 4*n + 43 = -13, -3*n = 5*g - 140. Suppose -11*z + 740 + 151 = 0. Calculate the remainder when z is divided by g.
25
Let y(z) = -2*z**3 - 2*z**2 + 3*z - 1. Let l be y(2). Let o = 38 + l. Suppose 10 = -37*p + 380. Calculate the remainder when o is divided by p.
9
Suppose -3*x = -2*x - 11. Let i(q) = -q**2 + 18*q + 46. Let c be i(21). Let h = c + 20. Calculate the remainder when x is divided by h.
2
Let u be -1*(-2 - 0 - 1). Suppose r - 3*f = 130, -r = r + u*f - 296. Calculate the remainder when r is divided by 24.
22
Let t = -64 - -130. Suppose 2*g = -c + 5*c + 56, 124 = 4*g - 4*c. What is the remainder when t is divided by g?
32
Let w = -1630 - -1654. Calculate the remainder when 503 is divided by w.
23
Let j = -233 - -271. What is the remainder when j is divided by 14?
10
Let l(j) = 21*j**2 + 73*j - 72. Calculate the remainder when 426/10 + 4/10 is divided by l(1).
21
Suppose -2*v + 3 = z, 0 = 5*v - 7*v + z - 7. Let g = v - -5. What is the remainder when 14 is divided by g?
2
Let h = 9 - -6. What is the remainder when 33*6/5 + 6/h is divided by 16?
8
What is the remainder when ((-2)/6)/(14/168) + 124 is divided by 34?
18
Suppose y - 5*h - 73 = 51, 5*y = -3*h + 676. Let n = 104 - 89. What is the remainder when y is divided by n?
14
Suppose 4 - 2 = f. Suppose 0 = f*i - 5*i + 42. Calculate the remainder when -1 + (2 - -53)/1 is divided by i.
12
What is the remainder when (50/(-4))/((420/(-408))/35) is divided by 133?
26
Suppose -46 = q - 3*w - 14, -5*q = 5*w + 140. Let v = 32 + q. Let d(c) = 2*c**2 - 3. Calculate the remainder when 27 is divided by d(v).
12
Suppose 18 = -12*d + 13*d. Calculate the remainder when 33 + (-1 - -2) + 0 is divided by d.
16
Let f be 4/34 + (-245)/(-85). Suppose 2*j = -f*o + 74, -4*j - j - 3*o = -194. What is the remainder when j is divided by 23?
17
Calculate the remainder when 2139 is divided by ((-68)/12)/(-2 - (-10)/6).
14
Let r = -10181 - -10215. Let m(f) = 17*f**2 - 2*f - 1. What is the remainder when r is divided by m(-1)?
16
Let f(y) = 10*y**2 - y - 11. Let a = -98 - -188. What is the remainder when a is divided by f(-2)?
28
Let y(n) = 11*n - 40. Let q be y(4). Let s = -6 + 8. Suppose q*z = 3*m - 133, 0 = z - s*z + 5. Calculate the remainder when m is divided by 13.
12
Let c be 1/5 - (-10395)/25. Suppose c = 5*r + 3*a, a = r + 6*a - 92. Let m = 28 - 7. What is the remainder when r is divided by m?
19
Suppose 3*t + 9*i - 7 = 4*i, -i = 1. Suppose 0*k - t*k = -72. Suppose -3*j - 92 = -2*z + j, -2*j + 162 = 3*z. Calculate the remainder when z is divided by k.
16
Suppose -22*y + 19*y + 33 = 0. What is the remainder when 25 is divided by y?
3
Let x = -25 - -87. Calculate the remainder when x is divided by 16.
14
Suppose -104*y - 240 = -119*y. Calculate the remainder when 4/(-14) + (-844)/(-14) is divided by y.
12
Suppose -5*r - 361 = -3*b - 0*b, -2*b - 3*r + 209 = 0. What is the remai